alculate the greatest common factor of d and 42.
7
Let v be 220 + (-2)/((-10)/5). Calculate the highest common factor of 39 and v.
13
Let n(p) = -p**3 - 2*p**2 + 3*p - 8. Let t be n(-4). Let u be (-8)/t*27/(-1). What is the highest common divisor of u and 9?
9
Let g(j) = 16*j**3 - 2*j**2 + 11*j + 1. Let q be g(3). Calculate the highest common divisor of 28 and q.
28
Suppose 0 = 3*y + 5*s + 31, -14 = 2*y - 2*s + 4*s. Let x be (5 - (-2)/y) + -2. Calculate the greatest common divisor of x and 10.
2
Let y(s) = 2*s**2 - 9*s + 12. Let f be y(9). Let m be ((-2)/(-6))/(11 - (-8176)/(-744)). What is the greatest common divisor of f and m?
31
Let g(d) = -12*d**2 - 8*d - 3. Let i be g(-5). Let l be (-3)/(-7) + i/(-7). What is the greatest common divisor of 114 and l?
38
Let w = -766 + 796. What is the greatest common factor of w and 555?
15
Let u be ((-6)/(-8))/(5/20). Suppose -u*s - 3*l - 2*l + 400 = 0, -s + 133 = 2*l. What is the highest common factor of 54 and s?
27
Suppose -4*n + 124 = 3*b - 19, -n + 57 = 5*b. What is the greatest common factor of 256 and n?
32
Let o = -317 - -343. What is the greatest common factor of o and 1417?
13
Suppose 0 = 4*x - l - 51, 0*x - l - 27 = -2*x. Suppose 0 = 260*g - 272*g + 288. What is the highest common factor of g and x?
12
Suppose 8*y = 3*a + 3*y - 4, -5*y + 2 = -a. Suppose 0 = 2*o - 0*o - 66. What is the greatest common factor of a and o?
3
Suppose 0 = 9*y + 3*y - 252. What is the highest common divisor of y and 1995?
21
Suppose 0 = u - 6*u + 25, -5*k = -u - 210. Calculate the highest common divisor of k and 473.
43
Let g be (12/10)/(-3 - 504/(-165)). Calculate the greatest common factor of g and 44.
22
Let b = -39 + 61. Let d = 102 - 135. Let m be (4/(-1))/(6/d). Calculate the greatest common factor of m and b.
22
Let s(z) = -z**2 - 32*z - 42. Let h be s(-27). Let v = -81 + h. Calculate the greatest common factor of v and 24.
12
Let c be (-16)/(-6) + 2/6 - 3. Suppose 6*a - 3*a - 84 = c. What is the greatest common factor of a and 70?
14
Let a(r) = 2*r**3 + 45*r**2 + 13*r - 44. Let j be a(-22). Let m = 2 - -12. What is the greatest common divisor of j and m?
14
Let g = -1678 + 1853. What is the greatest common factor of 105 and g?
35
Suppose -3*l + 0*y - 3*y = -3, y - 9 = -3*l. Suppose -2 = l*f - 10. Calculate the greatest common divisor of 4 and f.
2
Let h(o) = 2*o**2 + 17*o - 4. Let y = 44 - 53. Let w be h(y). What is the greatest common divisor of w and 10?
5
Suppose -5*l - 70 = -10. Let f be (-5 - -1)*18/l. Let i = 29 - 20. What is the highest common divisor of i and f?
3
Let i(c) = 4*c**2 - 1. Let j be i(1). Suppose -2*n + j + 7 = 0, -5*z + 2*n = 0. Let p be (z/(-4))/(2/(-300)). What is the highest common factor of 30 and p?
15
Suppose -13*h = -8*h + 15. Let k be ((-14)/h*-7)/(2/(-6)). What is the greatest common factor of 49 and k?
49
Suppose 2*r = p, 2*p - 5*p = 5*r - 22. Let k be -2*(3 - r) + 8. Suppose i - k = -1. Calculate the highest common factor of 25 and i.
5
Let n = 7 - 47. Let u = -22 - n. What is the greatest common divisor of 27 and u?
9
Let o = 83 - 79. Suppose g = o*g - u - 83, 0 = -4*g - 4*u + 116. Calculate the greatest common factor of g and 140.
28
Let u = 60 + -32. Suppose 2*z - 9 - 69 = 0. Let s be 1 + 1 + 1 + z. Calculate the highest common divisor of s and u.
14
Let i = 41 + -27. Let z be i/(-49) - (457/(-7) - 0). What is the highest common factor of z and 26?
13
Let f be (-58)/(-4) + 4/8. Let p = 87 + 479. Suppose -p = -3*a - 161. What is the greatest common factor of f and a?
15
Let v(t) = -3*t**2 + 47*t - 20. Let g be v(13). What is the highest common factor of g and 192?
12
Suppose -3*u = -i - 65, -u - 28*i = -31*i - 35. Calculate the highest common divisor of 940 and u.
20
Suppose 3*b - 755 - 214 = 0. Suppose -5*z + b = 68. Let k(x) = x**2 + 5*x - 33. Let o be k(-10). What is the highest common divisor of z and o?
17
Let b be 5/(18/(-48) - (-159)/264). Calculate the highest common factor of 4 and b.
2
Let r(j) = -j**2 - 8*j - 6. Let l be r(-10). Let n = l - -33. What is the highest common factor of n and 21?
7
Suppose 0 = -3*h + 5*j - 629 - 183, -3*j - 252 = h. Let n be h/(-18) + (-4)/6. Let x be 1*7 + (-9 - -9). Calculate the highest common factor of x and n.
7
Let l = 76 - 43. Suppose -q - 21 = -l. Let h be 4/(-6) + 28/6. Calculate the greatest common factor of q and h.
4
Suppose 4*x + x = 3*w - 2, 4*x + 40 = -4*w. Let f = 82 - w. What is the greatest common divisor of 8 and f?
8
Let z = 97 + -63. Let o = 228 + -143. Calculate the highest common divisor of o and z.
17
Let k be ((-24)/14)/((-3)/21). Let v(y) = y**2 - 7*y + 4. Let n be v(k). What is the greatest common factor of n and 160?
32
Let j be (6/(-4))/(4/(-1056) + 0). Calculate the greatest common divisor of 72 and j.
36
Let q = -112 + 136. What is the highest common divisor of 28 and q?
4
Suppose 5*d = 17*d - 48. Let c(k) = k**2 + 4*k - 4. Let u be c(d). What is the greatest common divisor of 4 and u?
4
Let v be 57 - 48/(-12) - (1 + -5). Calculate the greatest common divisor of v and 52.
13
Let o be 1 + 63 - (-20)/(11 + -16). What is the greatest common divisor of o and 100?
20
Suppose -931 = -4*b - 115. What is the greatest common divisor of 119 and b?
17
Let c(z) = 36*z + 7. Let x be c(5). Suppose b - 8 = 3*b. Let k be ((-17)/b)/((-3)/(-12)). What is the greatest common divisor of x and k?
17
Suppose -l + 40 = 4*l. Suppose -l = -4*u + 76. Let s = u - -12. Calculate the greatest common factor of s and 11.
11
Let p(i) = -29*i - 154. Let y be p(-6). What is the greatest common factor of y and 220?
20
Suppose 2*s + 7*c - 28 = 2*c, 0 = -s + c. What is the highest common factor of s and 76?
4
Let j be (-615)/(15/(-3)) + -3. Let a = -60 + j. Calculate the greatest common factor of a and 24.
12
Suppose -4*u = -g - 14 - 179, -3*u - 2*g + 142 = 0. Suppose 24 = 3*v - v. Calculate the greatest common factor of u and v.
12
Suppose 77 = 2*y + y - 4*o, 11 = y - 5*o. Let p = 47 - y. What is the highest common factor of p and 40?
8
Let v = -48 - -81. Suppose -4*c + 75 = 3*f, 3*c = 4*f + 83 - v. Calculate the highest common factor of 45 and c.
9
Suppose 0 = 5*d + 5*b - 198 - 92, -4*d + 242 = 2*b. Let c be 0 + -2 + (0 - -9). What is the greatest common factor of c and d?
7
Let m(u) = -16*u - 73. Let z be m(-19). What is the highest common divisor of z and 42?
21
Suppose 3*h - 25 = -3*j + 2*j, 4*j = h - 4. Let p be -8 + h - -3*5. What is the greatest common divisor of p and 135?
15
Let c be (-4 - -62)*(1 - 2) - 3. Let j = c + 93. Calculate the highest common factor of 80 and j.
16
Let z = 3 - -6. Suppose 2*h + z = -h. Let y be 4 - (h - 1 - 42). Calculate the greatest common factor of y and 20.
10
Suppose 2*s + 8 = 28. Let q = s - 12. Let x be (q + -4)/(33/(-55)). Calculate the greatest common factor of 10 and x.
10
Let f be 40/30 + (-2560)/(-24). Suppose 94 = -5*i - 56. Let h be (-8)/5*i/4. Calculate the greatest common factor of f and h.
12
Let y be ((-2)/4)/((-5)/20). Let s(k) = 0*k**2 + 7*k**2 - 9*k - 3*k**y + 13 - 3*k**2. Let l be s(10). What is the highest common divisor of 161 and l?
23
Suppose 5*z - 124 = z. Calculate the highest common divisor of z and 434.
31
Let d = 734 - 666. Calculate the greatest common factor of d and 459.
17
Let v(r) = r**2 - 2*r + 7. Let x be v(4). Suppose c + 4 = 5*c. Let n be c/6 - (-629)/6. Calculate the greatest common divisor of n and x.
15
Let m(g) = -2*g**2 + 8*g + 19. Let l be m(0). Calculate the highest common factor of 133 and l.
19
Let d = 3348 + -5079. Let r be (33/(-44))/(d/864 + 2). What is the highest common divisor of r and 27?
27
Suppose 4 = 4*k - 84. Let i = -597 + 423. Let t = i - -176. What is the greatest common divisor of t and k?
2
Suppose 0 = -4*n - 5*q + 260, -3*n + 3*q = -2*n - 65. Let d = n - 35. What is the greatest common divisor of d and 40?
10
Let c be 67 + (3 - 6) + 2. Calculate the greatest common factor of c and 33.
33
Let p be 6/(-10)*-6*(-20)/(-6). Calculate the highest common divisor of 204 and p.
12
Suppose 0 = 19*t - 2438 - 1552. Calculate the highest common divisor of 42 and t.
42
Let z = 97 + -57. Suppose 2*p + 8 = z. Suppose -2*b + 36 = 3*y + b, 5*b = 3*y - 4. Calculate the greatest common factor of y and p.
8
Let d be -7 - 3/(3/1). Let o(c) = c**3 + 8*c**2 -